{"id":5614,"date":"2022-10-11T16:07:20","date_gmt":"2022-10-11T16:07:20","guid":{"rendered":"https:\/\/www.atlantistechnologie.com\/test\/?post_type=product&#038;p=5614"},"modified":"2022-10-13T15:14:18","modified_gmt":"2022-10-13T15:14:18","slug":"hp-laserjet-pro-m28a-imprimante-multifonction-laser-3-en-1-usb-2-0-2","status":"publish","type":"product","link":"https:\/\/www.atlantistechnologie.com\/test\/product\/hp-laserjet-pro-m28a-imprimante-multifonction-laser-3-en-1-usb-2-0-2\/","title":{"rendered":"HP LaserJet Pro M28a IMPRIMANTE MULTIFONCTION LASER 3-EN-1 (USB 2.0)"},"content":{"rendered":"<div>\n<h2>UNE MULTIFONCTION LASER SIMPLE ET COMPACTE.<\/h2>\n<\/div>\n<div>L\u2019<strong>imprimante multifonction HP LaserJet Pro M28a<\/strong>\u00a0combine vitesse, haute r\u00e9solution et praticit\u00e9. Avec une<strong>\u00a0vitesse de 18ppm<\/strong>, une r\u00e9solution maximale de\u00a0<strong>600 dpi<\/strong>\u00a0et une\u00a0<strong>connectivit\u00e9 USB 2.0<\/strong>, elle sera un atout de votre productivit\u00e9. Compacte, elle trouvera facilement sa place pour vous permettre d\u2019imprimer, de copier et de num\u00e9riser.<\/div>\n<p>&nbsp;<\/p>\n<div><\/div>\n<div>\n<table border=\"0\" width=\"100%\" cellspacing=\"1\" cellpadding=\"1\">\n<tbody>\n<tr>\n<td>\n<div>\n<h2>TIREZ LE MEILLEUR PARTI DE VOS IMPRESSIONS<\/h2>\n<\/div>\n<div><\/div>\n<div>\n<p>B\u00e9n\u00e9ficiez des performances d&#8217;une imprimante multifonction productive qui rentre dans votre espace et votre budget.\u00a0<strong>Imprimez, num\u00e9risez et copiez\u00a0<\/strong>pour obtenir des r\u00e9sultats de qualit\u00e9 professionnelle.<\/p>\n<p>Imprimante avec s\u00e9curit\u00e9 dynamique activ\u00e9e. Uniquement destin\u00e9e \u00e0 \u00eatre utilis\u00e9e avec des cartouches dot\u00e9es d\u2019une puce authentique HP. Les cartouches dot\u00e9es d\u2019une puce non HP peuvent ne pas fonctionner et celles qui fonctionnent actuellement pourraient ne plus fonctionner \u00e0 l\u2019avenir.<\/p>\n<\/div>\n<ul>\n<li>G\u00e9rez facilement les t\u00e2ches et tirez \u00e9norm\u00e9ment d&#8217;un seul p\u00e9riph\u00e9riques : impression,num\u00e9risation et copie.<\/li>\n<li>Am\u00e9liorez votre productivit\u00e9 avec des vitesses d&#8217;impression pouvant atteindre 18\/19\u00a0ppm.<\/li>\n<li>Num\u00e9risez facilement des fichiers num\u00e9riques directement vers PDF et e-mail gr\u00e2ce \u00e0 des applications m\u00e9tier pr\u00e9charg\u00e9es.<\/li>\n<li>Imprimez facilement les deux faces d&#8217;une carte d&#8217;identit\u00e9 sur un seul recto.<\/li>\n<\/ul>\n<\/td>\n<td width=\"450\">\n<div><img data-recalc-dims=\"1\" decoding=\"async\" src=\"https:\/\/i0.wp.com\/media.ldlc.com\/bo\/images\/fiches\/imprimante\/hp\/laserjet%20pro%20m28a\/texte1.jpg?w=1170&#038;ssl=1\" alt=\"\" \/><\/div>\n<\/td>\n<\/tr>\n<\/tbody>\n<\/table>\n<\/div>\n","protected":false},"excerpt":{"rendered":"<div>\n<div>\n<h2>CARACT\u00c9RISTIQUES PRINCIPALES :<\/h2>\n<\/div>\n<\/div>\n<div><\/div>\n<ul>\n<li>Tout-en-un Laser noir et blanc<\/li>\n<li><strong>Impression, copie, scan<\/strong><\/li>\n<li>Formats : A4; A5; A6; Enveloppes (C5, DL); Personnalis\u00e9<\/li>\n<li>Port USB 2.0 haut d\u00e9bit<\/li>\n<li><strong>Vitesse d&#8217;impression\u00a0<\/strong>: jusqu&#8217;\u00e0 18 ppm en mode normal<\/li>\n<li>R\u00e9solution d&#8217;impression : Jusqu\u2019\u00e0 600 x 600\u00a0ppp<\/li>\n<li>R\u00e9solution de copie (texte noir) : jusqu&#8217;\u00e0 600 x 400 ppp<\/li>\n<li><strong>Vitesse de copie<\/strong>\u00a0: jusqu&#8217;\u00e0 18 cpm<\/li>\n<\/ul>\n","protected":false},"featured_media":5553,"comment_status":"open","ping_status":"closed","template":"","meta":{"_acf_changed":false,"nf_dc_page":"","om_disable_all_campaigns":false},"product_brand":[],"product_cat":[259,227,226],"product_tag":[],"class_list":{"0":"post-5614","1":"product","2":"type-product","3":"status-publish","4":"has-post-thumbnail","6":"product_cat-imprimante-laser-2","7":"product_cat-imprimantes","8":"product_cat-informatique","10":"first","11":"instock","12":"shipping-taxable","13":"purchasable","14":"product-type-simple"},"acf":[],"jetpack_sharing_enabled":true,"_links":{"self":[{"href":"https:\/\/www.atlantistechnologie.com\/test\/wp-json\/wp\/v2\/product\/5614","targetHints":{"allow":["GET"]}}],"collection":[{"href":"https:\/\/www.atlantistechnologie.com\/test\/wp-json\/wp\/v2\/product"}],"about":[{"href":"https:\/\/www.atlantistechnologie.com\/test\/wp-json\/wp\/v2\/types\/product"}],"replies":[{"embeddable":true,"href":"https:\/\/www.atlantistechnologie.com\/test\/wp-json\/wp\/v2\/comments?post=5614"}],"wp:featuredmedia":[{"embeddable":true,"href":"https:\/\/www.atlantistechnologie.com\/test\/wp-json\/wp\/v2\/media\/5553"}],"wp:attachment":[{"href":"https:\/\/www.atlantistechnologie.com\/test\/wp-json\/wp\/v2\/media?parent=5614"}],"wp:term":[{"taxonomy":"product_brand","embeddable":true,"href":"https:\/\/www.atlantistechnologie.com\/test\/wp-json\/wp\/v2\/product_brand?post=5614"},{"taxonomy":"product_cat","embeddable":true,"href":"https:\/\/www.atlantistechnologie.com\/test\/wp-json\/wp\/v2\/product_cat?post=5614"},{"taxonomy":"product_tag","embeddable":true,"href":"https:\/\/www.atlantistechnologie.com\/test\/wp-json\/wp\/v2\/product_tag?post=5614"}],"curies":[{"name":"wp","href":"https:\/\/api.w.org\/{rel}","templated":true}]}}