{"id":5415,"date":"2022-10-07T17:54:14","date_gmt":"2022-10-07T17:54:14","guid":{"rendered":"https:\/\/www.atlantistechnologie.com\/test\/?post_type=product&#038;p=5415"},"modified":"2022-10-13T15:14:24","modified_gmt":"2022-10-13T15:14:24","slug":"canon-i-sensys-lbp6030b-imprimante-laser-monochrome-monofonction-usb-2-0","status":"publish","type":"product","link":"https:\/\/www.atlantistechnologie.com\/test\/product\/canon-i-sensys-lbp6030b-imprimante-laser-monochrome-monofonction-usb-2-0\/","title":{"rendered":"Canon i-SENSYS LBP6030B Imprimante laser monochrome monofonction (USB 2.0)"},"content":{"rendered":"<h2 class=\"h2-master\">L&#8217;imprimante monochrome id\u00e9ale pour les PME et les bureaux \u00e0 domicile<\/h2>\n<section>L&#8217;imprimante noir et blanc monofonction\u00a0<strong>Canon i-SENSYS LBP6030B<\/strong>\u00a0est peu encombrante et abordable. Ce mod\u00e8le simple et performant permet une impression rapide en noir et blanc pour am\u00e9liorer les flux de travail et la productivit\u00e9. Il dispose d&#8217;une connectivit\u00e9 USB 2.0 haute vitesse et de fonctionnalit\u00e9s essentielles. Cet \u00e9quipement discret offre d&#8217;excellents r\u00e9sultats et fonctionne avec les \u00e9quipements Mac ou Windows.<\/p>\n<\/section>\n<section>\n<div class=\"desc-image\"><img data-recalc-dims=\"1\" decoding=\"async\" src=\"https:\/\/i0.wp.com\/media.ldlc.com\/bo\/images\/fiches\/imprimante\/canon\/lbp6030b\/lbp6030b-800_1.jpg?w=1170&#038;ssl=1\" alt=\"\" \/><\/div>\n<div class=\"desc-text\">\n<h2>OPTIMISEZ VOS IMPRESSIONS<\/h2>\n<p>Cette imprimante noir et blanc monofonction propose une impression de qualit\u00e9 avec une\u00a0<strong>r\u00e9solution 600 x 600<\/strong>\u00a0(qualit\u00e9 d&#8217;impression \u00e9quivalente jusqu&#8217;\u00e0 2400 x 600 ppp).\u00a0En plus de proposer une utilisation intuitive, elle offre une connectivit\u00e9 USB pratique.<\/p>\n<p>Profitez \u00e9galement de vitesses d&#8217;impressions \u00e9lev\u00e9es allant jusqu&#8217;\u00e0 18 ppm (A4), sans oublier une haute capacit\u00e9 de stockage avec un bac multifonction de 150 feuilles.<\/p>\n<\/div>\n<\/section>\n","protected":false},"excerpt":{"rendered":"<h2>CARACT\u00c9RISTIQUES PRINCIPALES :<\/h2>\n<p>&nbsp;<\/p>\n<ul>\n<li><strong>Imprimante noir et blanc monofonction\u00a0<\/strong><\/li>\n<li>Impression monochrome par syst\u00e8me de faisceau laser<\/li>\n<li>R\u00e9solution d&#8217;impression jusqu&#8217;\u00e0 600 x 600 ppp<\/li>\n<li>Qualit\u00e9 d&#8217;impression jusqu&#8217;\u00e0 2400 x 600 ppp avec fonction de lissage automatique des images<\/li>\n<li><strong>Simplicit\u00e9 d&#8217;utilisation<\/strong><\/li>\n<li>Flexibilit\u00e9 am\u00e9lior\u00e9e gr\u00e2ce \u00e0 la prise en charge de supports vari\u00e9s :\u00a0<strong>A4, A5, B5<\/strong><\/li>\n<li>Cassette de 150 feuilles<\/li>\n<li>Sortie papier : 100 feuilles face vers le bas<\/li>\n<li>Connectivit\u00e9\u00a0:\u00a0<strong>USB 2.0 haute vitesse<\/strong><\/li>\n<li>Panneau de commande : 2 voyants, 2 touches de fonctionnement<\/li>\n<li>Dimensions : 346 x 199 x 249 mm<\/li>\n<\/ul>\n","protected":false},"featured_media":5465,"comment_status":"open","ping_status":"closed","template":"","meta":{"_acf_changed":false,"nf_dc_page":"","om_disable_all_campaigns":false},"product_brand":[],"product_cat":[227,226],"product_tag":[],"class_list":{"0":"post-5415","1":"product","2":"type-product","3":"status-publish","4":"has-post-thumbnail","6":"product_cat-imprimantes","7":"product_cat-informatique","9":"first","10":"instock","11":"shipping-taxable","12":"purchasable","13":"product-type-simple"},"acf":[],"jetpack_sharing_enabled":true,"_links":{"self":[{"href":"https:\/\/www.atlantistechnologie.com\/test\/wp-json\/wp\/v2\/product\/5415","targetHints":{"allow":["GET"]}}],"collection":[{"href":"https:\/\/www.atlantistechnologie.com\/test\/wp-json\/wp\/v2\/product"}],"about":[{"href":"https:\/\/www.atlantistechnologie.com\/test\/wp-json\/wp\/v2\/types\/product"}],"replies":[{"embeddable":true,"href":"https:\/\/www.atlantistechnologie.com\/test\/wp-json\/wp\/v2\/comments?post=5415"}],"wp:featuredmedia":[{"embeddable":true,"href":"https:\/\/www.atlantistechnologie.com\/test\/wp-json\/wp\/v2\/media\/5465"}],"wp:attachment":[{"href":"https:\/\/www.atlantistechnologie.com\/test\/wp-json\/wp\/v2\/media?parent=5415"}],"wp:term":[{"taxonomy":"product_brand","embeddable":true,"href":"https:\/\/www.atlantistechnologie.com\/test\/wp-json\/wp\/v2\/product_brand?post=5415"},{"taxonomy":"product_cat","embeddable":true,"href":"https:\/\/www.atlantistechnologie.com\/test\/wp-json\/wp\/v2\/product_cat?post=5415"},{"taxonomy":"product_tag","embeddable":true,"href":"https:\/\/www.atlantistechnologie.com\/test\/wp-json\/wp\/v2\/product_tag?post=5415"}],"curies":[{"name":"wp","href":"https:\/\/api.w.org\/{rel}","templated":true}]}}