{"id":5388,"date":"2022-10-07T17:52:27","date_gmt":"2022-10-07T17:52:27","guid":{"rendered":"https:\/\/www.atlantistechnologie.com\/test\/?post_type=product&#038;p=5388"},"modified":"2022-10-07T17:52:30","modified_gmt":"2022-10-07T17:52:30","slug":"hp-scanjet-pro-2500-f1-scanner-a-plat-recto-verso-usb-2-0","status":"publish","type":"product","link":"https:\/\/www.atlantistechnologie.com\/test\/product\/hp-scanjet-pro-2500-f1-scanner-a-plat-recto-verso-usb-2-0\/","title":{"rendered":"HP Scanjet Pro 2500 F1 Scanner \u00e0 plat recto-verso (USB 2.0)"},"content":{"rendered":"<h2>UN SCANNER AU SERVICE DE VOTRE ENTREPRISE<\/h2>\n<p>Le\u00a0<strong>scanner HP Scanjet Pro 2500 F1\u00a0<\/strong>est\u00a0id\u00e9al pour les petites et moyennes entreprises qui veulent une num\u00e9risation polyvalente et compl\u00e8te pour des t\u00e2ches ponctuelles rapides et des travaux de routine. Avec une<strong>\u00a0vitesse de 40 ppm\u00a0<\/strong>et une r\u00e9solution optique de\u00a0<strong>1200 x 1200 dpi<\/strong>, il poss\u00e8de un chargeur automatique de documents de 50 pages pour un un cycle de travail quotidien de 1 500 pages. Il peut \u00e9galement num\u00e9riser en recto verso en une seule passe et poss\u00e8de une connectivit\u00e9 USB 2.0.<\/p>\n<div>\n<\/div>\n<table border=\"0\" width=\"100%\" cellspacing=\"1\" cellpadding=\"1\">\n<tbody>\n<tr>\n<td>\n<h2>UN SCANNER FIABLE ET RAPIDE<\/h2>\n<div>\nNum\u00e9risez rapidement une pile \u00e9paisse de\u00a0<strong>documents recto verso<\/strong>\u00a0et capturez facilement des supports volumineux. Restez productif avec un chargeur automatique de documents de 50 pages, une excellente gestion du papier et la prise en charge d&#8217;une large gamme de types de documents.\n<\/div>\n<ul>\n<li>Produisez jusqu&#8217;\u00e0\u00a0<strong>40 images par minute<\/strong>\u00a0avec la num\u00e9risation recto verso et un chargeur automatique de documents de 50 pages.<\/li>\n<li>Num\u00e9risez des pages jusqu&#8217;\u00e0 21,6 cm x 309,9 cm (8,5 x 122 pouces) via le chargeur automatique de documents, et utilisez le scanner \u00e0 plat pour les supports volumineux.<\/li>\n<li>N&#8217;attendez plus le pr\u00e9chauffage : la technologie Instant-on vous permet de commencer rapidement la num\u00e9risation.<\/li>\n<li>Lib\u00e9rez de l&#8217;espace de travail. Ce scanner HP ScanJet est petit et ultra-plat : conception parfaite pour le bureau.<\/li>\n<\/ul>\n<\/td>\n<td width=\"450\"><img data-recalc-dims=\"1\" decoding=\"async\" src=\"https:\/\/i0.wp.com\/media.ldlc.com\/bo\/images\/fiches\/scanner\/hp\/scanjet_pro_2500f1\/texte1.jpg?w=1170&#038;ssl=1\" alt=\"\" \/><\/td>\n<\/tr>\n<\/tbody>\n<\/table>\n<p>&nbsp;<\/p>\n","protected":false},"excerpt":{"rendered":"<p>UN SCANNER AU SERVICE DE VOTRE ENTREPRISE Le\u00a0scanner HP Scanjet Pro 2500 F1\u00a0est\u00a0id\u00e9al pour les petites et moyennes entreprises qui veulent une num\u00e9risation polyvalente et compl\u00e8te pour des t\u00e2ches ponctuelles<\/p>\n","protected":false},"featured_media":5319,"comment_status":"open","ping_status":"closed","template":"","meta":{"_acf_changed":false,"nf_dc_page":"","om_disable_all_campaigns":false},"product_brand":[],"product_cat":[44],"product_tag":[],"class_list":{"0":"post-5388","1":"product","2":"type-product","3":"status-publish","4":"has-post-thumbnail","6":"product_cat-accessories-informatique","8":"first","9":"instock","10":"shipping-taxable","11":"product-type-simple"},"acf":[],"jetpack_sharing_enabled":true,"_links":{"self":[{"href":"https:\/\/www.atlantistechnologie.com\/test\/wp-json\/wp\/v2\/product\/5388","targetHints":{"allow":["GET"]}}],"collection":[{"href":"https:\/\/www.atlantistechnologie.com\/test\/wp-json\/wp\/v2\/product"}],"about":[{"href":"https:\/\/www.atlantistechnologie.com\/test\/wp-json\/wp\/v2\/types\/product"}],"replies":[{"embeddable":true,"href":"https:\/\/www.atlantistechnologie.com\/test\/wp-json\/wp\/v2\/comments?post=5388"}],"wp:featuredmedia":[{"embeddable":true,"href":"https:\/\/www.atlantistechnologie.com\/test\/wp-json\/wp\/v2\/media\/5319"}],"wp:attachment":[{"href":"https:\/\/www.atlantistechnologie.com\/test\/wp-json\/wp\/v2\/media?parent=5388"}],"wp:term":[{"taxonomy":"product_brand","embeddable":true,"href":"https:\/\/www.atlantistechnologie.com\/test\/wp-json\/wp\/v2\/product_brand?post=5388"},{"taxonomy":"product_cat","embeddable":true,"href":"https:\/\/www.atlantistechnologie.com\/test\/wp-json\/wp\/v2\/product_cat?post=5388"},{"taxonomy":"product_tag","embeddable":true,"href":"https:\/\/www.atlantistechnologie.com\/test\/wp-json\/wp\/v2\/product_tag?post=5388"}],"curies":[{"name":"wp","href":"https:\/\/api.w.org\/{rel}","templated":true}]}}